 Let f be 26 - s*(-3 + 4). Suppose -10*t + 540 + 40 = 0. What is the highest common factor of t and f?
29
Suppose -4*p = w - 1329, p - 388 + 40 = 5*w. What is the highest common factor of p and 37?
37
Let q(l) = -15*l + 10*l + 6*l - 2*l**2 + 5*l**2. Suppose 4*s + 3 = 5*s. Let r be q(s). What is the highest common factor of 15 and r?
15
Suppose 387 = 2*n - 2*s + s, 4*n + 2*s - 762 = 0. Calculate the greatest common factor of n and 12.
12
Suppose 3*o + 11 = 5*x, -6*o = -o - 15. Suppose -22 = -x*c + 2. Let j = 34 - 25. Calculate the highest common divisor of c and j.
3
Let r be 10/(-8)*12*(-2 - -1). Let a(y) = -y**3 + 15*y**2 + y - 3. Let g be a(r). Calculate the greatest common factor of 3 and g.
3
Let g be -15 + 16 + -6 + -1. Let l = g - -17. What is the highest common factor of l and 11?
11
Suppose 2*x - 5*c = 4*x - 2, 3*x - 3 = 2*c. Let o be x*2 + (8 - 10) - -72. What is the highest common divisor of 4 and o?
4
Suppose 6 = -4*h - a, 5*h - 2 = 4*h - 2*a. Let q(g) = 3*g**2 - 5*g - 10. Let x be q(h). What is the greatest common divisor of x and 132?
12
Suppose 0 = 9*r - 64 - 125. Suppose p = 0, -n - 3*p = -6*p - r. What is the greatest common factor of n and 231?
21
Let r be 1 - 10/(0 + -5). Suppose 69 + 36 = r*p. What is the highest common factor of p and 5?
5
Let u = 8 + 166. What is the highest common divisor of 12 and u?
6
Let u(g) = -g**2 + 4*g - 5. Let j be u(4). Let k be ((-8)/(-6))/(j/(-105)). Suppose -31 = -2*h - 3. What is the greatest common factor of k and h?
14
Suppose -1148 = -9*x - 1067. Calculate the highest common factor of x and 981.
9
Let n = -694 - -710. Calculate the highest common divisor of n and 2240.
16
Suppose -77*q = -67*q - 200. What is the highest common factor of 10 and q?
10
Let y(g) be the first derivative of g**3 - 15*g**2/2 + 45*g - 60. Let f be y(5). Suppose 3*d - 10 = 35. Calculate the highest common factor of d and f.
15
Let c = 1234 - 554. What is the highest common divisor of 40 and c?
40
Let s = 91 + -97. Let t be (18/(-3))/(s/405). What is the greatest common factor of t and 45?
45
Let h(c) = -8*c**2 - c - 3. Let n be h(2). Let t = n - -52. Let a = -100 + 160. Calculate the greatest common factor of t and a.
15
Suppose -53 = -5*t + 127. Let a be ((-540)/50 - -9)/((-1)/5). Calculate the greatest common factor of a and t.
9
Suppose -8*g + 4*g - 4*j = -612, 3*j + 619 = 4*g. What is the highest common divisor of 126 and g?
14
Let o(x) = -8*x + 4. Let m be o(-4). Let y = 108 - 96. What is the greatest common divisor of m and y?
12
Let h be -2 + -2 + 2 + -128. Let f be h/13*(2 - 3). What is the greatest common divisor of f and 30?
10
Let d = -845 - -958. What is the greatest common factor of 678 and d?
113
Suppose -13*y + 8 + 421 = 0. What is the highest common factor of y and 1551?
33
Let r be ((-14)/(-6) - 3)/((-72)/59724). Calculate the highest common divisor of 14 and r.
7
Let l be 348/8*128/12. What is the highest common divisor of l and 32?
16
Suppose 17 = -z - 40. Let i = -21 - z. Let r = 60 - i. What is the greatest common divisor of 8 and r?
8
Let p be -34 - (3 + -7 + 4). Let b = 39 + p. Suppose b*u - 160 = 50. Calculate the highest common factor of u and 14.
14
Let h(o) = 8*o**3 + 71 + 4*o - 71 - 2*o**3 - 6*o**2. Let u be h(4). Calculate the highest common factor of 38 and u.
38
Suppose v + 26 = -0*v. Let h = 65 + v. Suppose x + 4*a = -11, h = x - 5*a + 5. Calculate the greatest common divisor of x and 63.
9
Let j be (-2)/17 - (11022/17)/(-3). Calculate the greatest common factor of j and 144.
72
Let h = 16 + -14. Suppose l + 3*z = -0*l + h, 4*z = l - 9. Suppose l*f - 133 = 497. What is the highest common factor of f and 18?
18
Let w(p) be the first derivative of -9*p**2 + 4*p - 1. Let d be w(-1). Calculate the highest common factor of 132 and d.
22
Suppose 2*m - 2 - 8 = 0. Suppose -h - 481 = -4*n, 363 = 5*n + m*h - 207. Suppose -4*v - 85 = -9*v. What is the highest common divisor of v and n?
17
Suppose -7 = -4*a + 9. Suppose -4*o + 54 = 2*d, -2*d + 6*d - 88 = -a*o. Calculate the greatest common divisor of d and 153.
17
Let l(j) = j - 54. Let g be l(64). Let f be (-402)/(-5) - 6/15. Calculate the highest common divisor of g and f.
10
Let n(o) = -o + 9. Let a be n(0). Suppose 0 = -5*q - t + 9, a = -5*q + 4*t - 2. Let k be 21/14*(-32)/(-6). Calculate the highest common divisor of q and k.
1
Let c = -4 - -64. Let v = c - 35. Calculate the greatest common factor of 25 and v.
25
Let j be (4 - 1) + (7 - 49)/(-6). What is the greatest common divisor of 105 and j?
5
Let y(a) = 30*a + 75. Let v be y(14). What is the highest common divisor of 297 and v?
99
Let m be 3/(60/(-8))*-65. Calculate the greatest common factor of 65 and m.
13
Let p be (-30 - -5) + 7 + -3. Let s = -17 - p. Let l(h) = 8*h**2. Let n be l(2). What is the greatest common divisor of s and n?
4
Let y = 23 - 19. Let w = -2 + y. Suppose w*i - 28 = -2*i. Calculate the highest common factor of 56 and i.
7
Let a be (((-336)/7)/2)/(-2). What is the highest common factor of 42 and a?
6
Let t(k) = 100*k + 647. Let j be t(-4). Calculate the highest common factor of 39 and j.
13
Let f be -1 + 68 - (0 - -3). Suppose -f = -4*b + 4. What is the highest common factor of 119 and b?
17
Suppose 2*l + 16 = 6*l, -89 = -3*u + 4*l. Let r be (u/(-14) + 4)/(2/48). Calculate the highest common factor of r and 12.
12
Suppose -2076*a = -2084*a + 1584. What is the greatest common factor of a and 36?
18
Let k = -92 + 92. Let p be (1 + k)*1*(-29 - -42). What is the highest common divisor of p and 52?
13
Let t be (-6)/12 + (-3)/2. Let d be (3/(12/8))/(-1)*t. Calculate the greatest common divisor of 52 and d.
4
Let m = 540 - 500. What is the highest common divisor of m and 440?
40
Let r be 1 - (-11 + (1 - -3)). Suppose -3*c + r = -37. What is the highest common divisor of 90 and c?
15
Let x(s) = -s**2 - 44*s - 330. Let a be x(-10). Suppose 3*j - 12 - 19 = -4*r, 3*j + 5 = 5*r. Calculate the highest common divisor of a and r.
2
Suppose 3*p + 144 = 2*h, 3*h + 3*p + 0*p - 246 = 0. Let f(j) = j**3 - j**2 - 56*j + 202. Let m be f(4). Calculate the greatest common factor of h and m.
26
Let r(o) = -o**3 + 12*o**2 + o - 10. Let h be r(12). Let n be -3*(h + -3) - 2. What is the highest common factor of n and 1?
1
Suppose -3*x - 2 = 10. Let u be (1 - -2)/(x/132). Let z be (u/12)/(12/(-32)). What is the highest common divisor of 110 and z?
22
Suppose -3*h = 3*q - 426, -q - h + 139 = h. Suppose c + 32 = q. Suppose -c = -3*l - 29. What is the greatest common factor of 70 and l?
14
Suppose -2*z + f + 6 = 0, -z - 1 = 5*f + 7. Suppose 0 = 3*c - c - 216. Suppose z*o = -o + c. What is the greatest common divisor of 12 and o?
12
Let s = -3 + -18. Let b be 1 + -2 - 6*s/6. What is the highest common factor of b and 8?
4
Suppose 7 = -4*q + 3*x + 2*x, -4*q = x - 11. Let l be 63/14*(-4)/(-9). Calculate the greatest common divisor of l and q.
2
Suppose -278*k - 156 = -281*k. What is the greatest common factor of 286 and k?
26
Suppose -4*m = -393 - 2447. Calculate the highest common divisor of 10 and m.
10
Suppose -1 = u + 2*m, 4*m + 20 = -0*u + 4*u. Suppose -u*z + 102 = -0*z. Let d = -41 + 92. Calculate the greatest common factor of d and z.
17
Let z be (-4)/(12/(-279)) + (5 - -1). Calculate the highest common factor of 33 and z.
33
Let p = -290 + 292. Calculate the highest common factor of 2 and p.
2
Suppose 3*c - j - 15 = 11, -10 = -c + j. Let t(r) = r**2 - 6*r + 8. Let l be t(6). What is the greatest common divisor of c and l?
8
Let f(b) = 2*b**3 - 9*b**2 - b - 5. Let i be f(9). Calculate the greatest common divisor of i and 165.
55
Let j be 633/12 + (-8)/(-32). Calculate the highest common factor of j and 318.
53
Let z = -54 - -51. Let x = 20 - z. What is the highest common divisor of x and 92?
23
Suppose 181 = 4*b + w, -2*b - 2*w = 3*w - 113. Suppose 4*y = b + 24. Let x = y - 14. Calculate the greatest common divisor of x and 3.
3
Suppose 88 = -6*a + 352. What is the greatest common divisor of 858 and a?
22
Suppose -558 = 7*p - 3*p - 3*a, 0 = -a + 2. Let h = p + 264. Calculate the greatest common divisor of h and 14.
14
Suppose 5*t = 5*f - 30, -3*f - t + 13 = t. Suppose 2*z + z - f*h = 59, z + 4*h = 48. Calculate the highest common factor of 98 and z.
14
Suppose -17 = -4*w - 1. Suppose 69 